emainder when i is divided by u.
25
Let z(a) = a**3 + 6*a**2 + 2*a + 3. Suppose -5*u + 182 = -3*b, -4*u - 9*b + 11*b = -144. What is the remainder when 1 + 3/(-3) + u is divided by z(-5)?
16
Suppose -5*g + 1447 = -3*c, 0 = 4*c + 15 + 1. Suppose 8*t = t + g. Calculate the remainder when 80 is divided by t.
39
Suppose 0 = 5*m + p - 21, 0 = -5*m - 3*p + 4*p + 29. Let i(f) = f**3 - 5*f + 4. What is the remainder when i(m) is divided by 18?
14
Let v(p) = -89*p. Let d be v(-1). Let c = d + -50. What is the remainder when c is divided by 14?
11
Suppose -2*h = -3*y + 120, -y + 3*h + 51 = 6*h. Let u = y - 36. Calculate the remainder when 3/(3/8)*2 is divided by u.
4
Suppose 63 - 372 = -5*l + 2*g, -4*l + 249 = -g. Calculate the remainder when 439 is divided by l.
61
Suppose 5 + 4 = 3*x. Suppose x = -p + 5. What is the remainder when 4 is divided by p?
0
Suppose 0 = -48*h + 40*h + 64. Let d(s) = -34*s**3 + 2*s**2 - 1. Calculate the remainder when d(-1) is divided by h.
3
Suppose 0*f - f = 2*t - 362, -t = -4*f - 199. Calculate the remainder when t is divided by 23.
22
Suppose 110 = 17*a - 383. Calculate the remainder when 53 is divided by a.
24
Let x(l) = 40*l**3 - 2*l**2 - 3*l - 2. Let f be x(-1). Let i = f - -39. Calculate the remainder when (4/i)/((-8)/156) is divided by 14.
11
Suppose -2*q + w = -33, -42 = -5*q + 4*w + 33. Suppose 195*v = 227*v - 2400. Calculate the remainder when v is divided by q.
18
Suppose -2*l - s = -9, 0 = l - 0*l - s. Suppose 2*b + 9 = i, 52 = i + 4*i - l*b. Calculate the remainder when 0 + 22 + 0 + -1 is divided by i.
10
Suppose 3*b - 19*q - 54 = -21*q, 0 = 3*q. Calculate the remainder when 233 is divided by b.
17
Suppose -530 = 167*x - 172*x. Calculate the remainder when x is divided by 38.
30
Suppose -25*w - 273 = -38*w. What is the remainder when w is divided by 13?
8
Suppose -4*r + 12 = 4*c, 3*r - c + 2*c - 9 = 0. Suppose a - 4*u - 782 = 36, 4*u + 2478 = r*a. What is the remainder when (-10)/35 + a/14 is divided by 20?
19
Suppose n - 6*n + 675 = 0. Suppose 17*r - 966 - 360 = 0. Let y = n - r. What is the remainder when y is divided by 12?
9
Suppose 0 = 3*p + w - 115, 0 = -5*p + 3*w + 216 - 1. Calculate the remainder when p is divided by 18.
4
Let h = 5 - 0. Suppose 8 = 4*g + 4*w, 3*g + 4*w + 4 = g. Let a(m) = m**3 - 6*m**2 + 13. What is the remainder when a(g) is divided by h?
3
Suppose 0 = -5*a + 20, 40*d = 42*d - a - 770. What is the remainder when d is divided by 49?
44
Suppose 2*i + g - 54 = 0, -9 = 4*g + 7. Let l(c) be the first derivative of -29*c**2/2 - c + 2. Calculate the remainder when l(-2) is divided by i.
28
Let s be ((-12)/(-15))/((-10)/(-125)). Let m = 15 - s. Suppose 4*o - 132 = -l + m*l, 0 = 5*l. Calculate the remainder when o is divided by 12.
9
Let a(w) = w**3 + 10*w**2 + 8*w - 4. Let l be a(-9). Suppose 30 = 7*g - l*g. What is the remainder when 133 is divided by g?
13
Let g = -139 + 159. Calculate the remainder when 179 is divided by g.
19
Let c(n) = 4*n - 2. Let g(q) = q**2. Let a be g(-1). What is the remainder when c(5) is divided by ((-3 + a)*5)/(-2)?
3
Suppose 3*d + 28 = 2*x, 3*d + 34 = 5*x - 45. What is the remainder when x is divided by 11?
6
Suppose -1 - 2 = -p. Let o(l) = 23*l - 38. Calculate the remainder when o(2) is divided by p.
2
Let u = 21 - -16. Calculate the remainder when u is divided by 13.
11
Suppose -7 = 2*f - 111. Suppose h + f = 5*h. Suppose -4 + 0 = -w. What is the remainder when h is divided by w?
1
Let c = -131 - -149. What is the remainder when c is divided by 14?
4
Suppose 10*m + 2*x = 7*m - 1, 2*m = x + 4. Suppose -2*j = 3*j - 5. Calculate the remainder when j is divided by m.
0
Let t be (4/8)/((-2)/(-72)). Let s = -69 - t. Let h = -57 - s. What is the remainder when h is divided by 11?
8
Suppose 2*w - 5*w + 9 = 0. Suppose o + w*o = 60. Suppose -7*b + 570 = 3*b. Calculate the remainder when b is divided by o.
12
Let r(b) = b**2 - b + 20. Let d be r(0). Let z = d + 4. Calculate the remainder when (2/2)/(2/186) is divided by z.
21
Let r be (-1)/((3 - 0)/(-9)). Suppose -r*b = -2*o - 44, -3*b - 2*o + 0*o + 64 = 0. Let v = -103 - -138. Calculate the remainder when v is divided by b.
17
Suppose 4 = -4*f - 8. Calculate the remainder when 30 is divided by (884/(-102))/(f/(9/2)).
4
Let k(t) = 10*t**2 - 3*t + 6. What is the remainder when 159 is divided by k(-2)?
3
Suppose 0 = -4*v + 196 - 36. What is the remainder when v is divided by 33?
7
Let j(p) = -6*p - 200. Calculate the remainder when 63 is divided by j(-36).
15
Let b(q) = -q**2 - 2*q - 2. Let d be b(-4). Let f be 6/d*(-15 - 0). Suppose -195 = 4*v - f*v. Calculate the remainder when v is divided by 21.
18
Suppose z - 21 = -4*w, -39 = -2*z + 7*w - 12*w. Let k(s) = -s + 4. What is the remainder when z is divided by k(-3)?
3
Suppose 4*x + 8*y - 11*y = 130, y = -2. What is the remainder when 2446 is divided by x?
28
Suppose 0 = 2*g + 32 - 34, 0 = -2*h + 4*g + 532. What is the remainder when h is divided by 18?
16
Let k = -562 - -596. Calculate the remainder when 96 is divided by k.
28
Let z be -1*(-1 - 0/3). What is the remainder when 19 is divided by (14/28)/(z/22)?
8
Let c = -1 + 3. Let q = 10402 - 10396. Calculate the remainder when q is divided by c.
0
Let o = -193 - -324. Suppose -546 = 5*q - q - 2*s, -5*s - o = q. What is the remainder when 42 is divided by 2/(-3) + q/(-6)?
20
Let p = -1269 - -1410. Let n = 23 - -6. Calculate the remainder when p is divided by n.
25
Let b(n) = 84*n - 6. Let i(s) = -2*s + 34. What is the remainder when b(1) is divided by i(12)?
8
Let x(q) = -q**3 - q**2 - 2*q - 4. Suppose 9*s - 10*s - 2 = 0. Calculate the remainder when 7 is divided by x(s).
3
Suppose -k = -4*k + 126. What is the remainder when k is divided by (-7 + 544/(-8))/(0 + -3)?
17
Let l = 315 - 181. Suppose j + l = 2*j. Calculate the remainder when j is divided by 23.
19
Let x = -622 - -736. What is the remainder when x is divided by 23?
22
Suppose 49 + 68 = 3*c. Let k be ((-3)/(12/20))/(-1). Suppose 3*w - k*n = 240, 3*w + 0*n = -2*n + 219. Calculate the remainder when w is divided by c.
36
Suppose -d - 4*d = -95. Let m = 13 - 11. What is the remainder when ((-15)/m)/((-3)/30) is divided by d?
18
Let j = -3 + 9. Suppose 2 - 6 = -s. Suppose -5*d - 33 = -g, -s*d - 2 = j. What is the remainder when g is divided by 8?
7
Let d(p) = p**2 + 12*p + 1. Let j be d(-13). Let k = -7 + j. What is the remainder when 43 is divided by (k - 5)*(-22)/(-4)?
10
Suppose 145*o - 141*o - 884 = 0. Calculate the remainder when o is divided by 30.
11
Let c(j) = -3 + 2*j + 17 - j**2 - 5. Calculate the remainder when 60 is divided by c(0).
6
Let x(c) = c**2 + 2*c + 19. What is the remainder when x(-4) is divided by 45/12*(-8)/(-6)?
2
Suppose 5*x = 2*x + 9. Suppose -5*v + 30 = 5*m - 0, 5*v - x*m = 46. Let a = v - -11. What is the remainder when 36 is divided by a?
17
Let i(s) = s**2 + 43*s + 2. What is the remainder when i(-45) is divided by 14?
8
Suppose 0 = 3*b + 21 - 12. Suppose -3*q = -5*x - q + 167, -2*q = -4*x + 134. What is the remainder when x is divided by (45/(-25))/(b/20)?
9
Suppose 5*o = -j - 16 + 65, -4*j = 5*o - 46. Let r(x) = -2*x**2 + 12*x + 6 + 12*x + 4 - 17. Calculate the remainder when r(9) is divided by o.
7
Let v be -6*8/12 - -1 - 4. Let n = 21 + v. What is the remainder when 52 is divided by n?
10
Let b(j) = 3*j**2 - 3*j - 2. What is the remainder when b(-5) is divided by 10?
8
Let b(c) = 3*c**2 - 21*c - 91. What is the remainder when b(-15) is divided by 17?
15
Let n = -2093 - -3162. What is the remainder when n is divided by 119?
117
Let g = 75 + -18. Suppose g - 65 = -k. Suppose -95 - 30 = -5*p. What is the remainder when p is divided by k?
1
Let r be (4/5)/(3/15). Suppose o - r*o = 5*z - 80, o = -z + 16. Suppose -11*w - 305 + 404 = 0. Calculate the remainder when z is divided by w.
7
Suppose 0 = d + 5*n - 11, 8 + 14 = -4*d + 2*n. What is the remainder when 128 is divided by 0 + 13 - (-4 - d)?
11
Let u(v) = -42*v**3 - v**2 + 1. Let b(q) = 97*q - 171. What is the remainder when u(-1) is divided by b(2)?
19
Let m(k) = 6*k**2 + 20*k - 47. Suppose 3*f - 142 = q, 3*q - 64 = -2*f + 27. What is the remainder when f is divided by m(2)?
13
What is the remainder when 129 is divided by 298/10 + (-84)/(-70)?
5
Suppose p - 1 + 7 = 2*v, 3*p = 5*v